{"id":369,"date":"2016-02-17T13:16:52","date_gmt":"2016-02-17T17:16:52","guid":{"rendered":"http:\/\/gpjulioandrade.gob.ec\/carchi\/?page_id=369"},"modified":"2017-03-30T22:00:04","modified_gmt":"2017-03-31T02:00:04","slug":"rendicion-de-cuentas-2016","status":"publish","type":"page","link":"https:\/\/gpjulioandrade.gob.ec\/carchi\/?page_id=369","title":{"rendered":"Rendici\u00f3n de Cuentas 2016"},"content":{"rendered":"<p><a href=\"http:\/\/gpjulioandrade.gob.ec\/carchi\/wp-content\/uploads\/2016\/02\/1-RENDICI\u00d3N-DE-CUENTAS-2015-INSTITUCIONAL-copia.pdf\">1 RENDICI\u00d3N DE CUENTAS 2015 INSTITUCIONAL &#8211; copia<\/a><\/p>\n<p><a href=\"http:\/\/gpjulioandrade.gob.ec\/carchi\/wp-content\/uploads\/2016\/02\/AGENDA-RENDICI\u00d3N-DE-CUENTAS-GAD-PRJA-A\u00d1O-2015.pdf\">AGENDA RENDICI\u00d3N DE CUENTAS GAD-PRJA A\u00d1O 2015<\/a><\/p>\n<p><a href=\"http:\/\/gpjulioandrade.gob.ec\/carchi\/wp-content\/uploads\/2016\/02\/ENCUESTAS-A-LA-CIUDADANIA-GAD-PRJA-A\u00d1O-2015.pdf\">ENCUESTAS A LA CIUDADANIA GAD-PRJA A\u00d1O 2015<\/a><\/p>\n<p><a href=\"http:\/\/gpjulioandrade.gob.ec\/carchi\/wp-content\/uploads\/2016\/02\/INFORMATIVO-PARROQUIAL.pdf\">INFORMATIVO PARROQUIAL<\/a><\/p>\n<p><a href=\"http:\/\/gpjulioandrade.gob.ec\/carchi\/wp-content\/uploads\/2016\/02\/REGISTRO-DE-ASISTENCIA-RENDICI\u00d3N-DE-CUENTAS-GAD-PRJA-A\u00d1O-2015.pdf\">REGISTRO DE ASISTENCIA RENDICI\u00d3N DE CUENTAS GAD-PRJA A\u00d1O 2015<\/a><\/p>\n<p><a href=\"http:\/\/gpjulioandrade.gob.ec\/carchi\/wp-content\/uploads\/2015\/10\/REGISTRO-DE-ASISTENCIA-RENDICI\u00d3N-DE-CUENTAS-GAD-PRJA-A\u00d1O-20151.pdf\">REGISTRO DE ASISTENCIA RENDICI\u00d3N DE CUENTAS GAD-PRJA A\u00d1O 2015<\/a><\/p>\n<p><a href=\"http:\/\/gpjulioandrade.gob.ec\/carchi\/wp-content\/uploads\/2015\/10\/INVITACI\u00d3N-RENDICI\u00d3N-DE-CUENTAS-20151.jpg\"><img fetchpriority=\"high\" decoding=\"async\" class=\"alignnone size-medium wp-image-638\" src=\"http:\/\/gpjulioandrade.gob.ec\/carchi\/wp-content\/uploads\/2015\/10\/INVITACI\u00d3N-RENDICI\u00d3N-DE-CUENTAS-20151-218x300.jpg\" alt=\"INVITACI\u00d3N RENDICI\u00d3N DE CUENTAS 2015\" width=\"218\" height=\"300\" data-id=\"638\" srcset=\"https:\/\/gpjulioandrade.gob.ec\/carchi\/wp-content\/uploads\/2015\/10\/INVITACI\u00d3N-RENDICI\u00d3N-DE-CUENTAS-20151-218x300.jpg 218w, https:\/\/gpjulioandrade.gob.ec\/carchi\/wp-content\/uploads\/2015\/10\/INVITACI\u00d3N-RENDICI\u00d3N-DE-CUENTAS-20151.jpg 700w\" sizes=\"(max-width: 218px) 100vw, 218px\" \/><\/a><\/p>\n","protected":false},"excerpt":{"rendered":"<p>1 RENDICI\u00d3N DE CUENTAS 2015 INSTITUCIONAL &#8211; copia AGENDA RENDICI\u00d3N DE CUENTAS GAD-PRJA A\u00d1O 2015 ENCUESTAS A LA CIUDADANIA GAD-PRJA A\u00d1O 2015 INFORMATIVO PARROQUIAL REGISTRO DE ASISTENCIA RENDICI\u00d3N DE CUENTAS GAD-PRJA A\u00d1O 2015 REGISTRO DE ASISTENCIA RENDICI\u00d3N DE CUENTAS GAD-PRJA A\u00d1O 2015<\/p>\n","protected":false},"author":6,"featured_media":0,"parent":0,"menu_order":0,"comment_status":"closed","ping_status":"closed","template":"","meta":{"footnotes":""},"class_list":["post-369","page","type-page","status-publish","hentry"],"yoast_head":"<!-- This site is optimized with the Yoast SEO plugin v27.3 - https:\/\/yoast.com\/product\/yoast-seo-wordpress\/ -->\n<title>Rendici\u00f3n de Cuentas 2016 - GAD Parroquial de Julio Andrade<\/title>\n<meta name=\"robots\" content=\"index, follow, max-snippet:-1, max-image-preview:large, max-video-preview:-1\" \/>\n<link rel=\"canonical\" href=\"https:\/\/gpjulioandrade.gob.ec\/carchi\/?page_id=369\" \/>\n<meta property=\"og:locale\" content=\"es_ES\" \/>\n<meta property=\"og:type\" content=\"article\" \/>\n<meta property=\"og:title\" content=\"Rendici\u00f3n de Cuentas 2016 - GAD Parroquial de Julio Andrade\" \/>\n<meta property=\"og:description\" content=\"1 RENDICI\u00d3N DE CUENTAS 2015 INSTITUCIONAL &#8211; copia AGENDA RENDICI\u00d3N DE CUENTAS GAD-PRJA A\u00d1O 2015 ENCUESTAS A LA CIUDADANIA GAD-PRJA A\u00d1O 2015 INFORMATIVO PARROQUIAL REGISTRO DE ASISTENCIA RENDICI\u00d3N DE CUENTAS GAD-PRJA A\u00d1O 2015 REGISTRO DE ASISTENCIA RENDICI\u00d3N DE CUENTAS GAD-PRJA A\u00d1O 2015\" \/>\n<meta property=\"og:url\" content=\"https:\/\/gpjulioandrade.gob.ec\/carchi\/?page_id=369\" \/>\n<meta property=\"og:site_name\" content=\"GAD Parroquial de Julio Andrade\" \/>\n<meta property=\"article:modified_time\" content=\"2017-03-31T02:00:04+00:00\" \/>\n<meta property=\"og:image\" content=\"http:\/\/gpjulioandrade.gob.ec\/carchi\/wp-content\/uploads\/2015\/10\/INVITACI\u00d3N-RENDICI\u00d3N-DE-CUENTAS-20151-218x300.jpg\" \/>\n<meta name=\"twitter:card\" content=\"summary_large_image\" \/>\n<script type=\"application\/ld+json\" class=\"yoast-schema-graph\">{\"@context\":\"https:\\\/\\\/schema.org\",\"@graph\":[{\"@type\":\"WebPage\",\"@id\":\"https:\\\/\\\/gpjulioandrade.gob.ec\\\/carchi\\\/?page_id=369\",\"url\":\"https:\\\/\\\/gpjulioandrade.gob.ec\\\/carchi\\\/?page_id=369\",\"name\":\"Rendici\u00f3n de Cuentas 2016 - GAD Parroquial de Julio Andrade\",\"isPartOf\":{\"@id\":\"https:\\\/\\\/gpjulioandrade.gob.ec\\\/carchi\\\/#website\"},\"datePublished\":\"2016-02-17T17:16:52+00:00\",\"dateModified\":\"2017-03-31T02:00:04+00:00\",\"breadcrumb\":{\"@id\":\"https:\\\/\\\/gpjulioandrade.gob.ec\\\/carchi\\\/?page_id=369#breadcrumb\"},\"inLanguage\":\"es\",\"potentialAction\":[{\"@type\":\"ReadAction\",\"target\":[\"https:\\\/\\\/gpjulioandrade.gob.ec\\\/carchi\\\/?page_id=369\"]}]},{\"@type\":\"BreadcrumbList\",\"@id\":\"https:\\\/\\\/gpjulioandrade.gob.ec\\\/carchi\\\/?page_id=369#breadcrumb\",\"itemListElement\":[{\"@type\":\"ListItem\",\"position\":1,\"name\":\"Home\",\"item\":\"https:\\\/\\\/gpjulioandrade.gob.ec\\\/carchi\\\/\"},{\"@type\":\"ListItem\",\"position\":2,\"name\":\"Rendici\u00f3n de Cuentas 2016\"}]},{\"@type\":\"WebSite\",\"@id\":\"https:\\\/\\\/gpjulioandrade.gob.ec\\\/carchi\\\/#website\",\"url\":\"https:\\\/\\\/gpjulioandrade.gob.ec\\\/carchi\\\/\",\"name\":\"GAD Parroquial de Julio Andrade\",\"description\":\"Sitio Oficial del GAD Parroquial Julio Andrade Carchi\",\"publisher\":{\"@id\":\"https:\\\/\\\/gpjulioandrade.gob.ec\\\/carchi\\\/#organization\"},\"potentialAction\":[{\"@type\":\"SearchAction\",\"target\":{\"@type\":\"EntryPoint\",\"urlTemplate\":\"https:\\\/\\\/gpjulioandrade.gob.ec\\\/carchi\\\/?s={search_term_string}\"},\"query-input\":{\"@type\":\"PropertyValueSpecification\",\"valueRequired\":true,\"valueName\":\"search_term_string\"}}],\"inLanguage\":\"es\"},{\"@type\":\"Organization\",\"@id\":\"https:\\\/\\\/gpjulioandrade.gob.ec\\\/carchi\\\/#organization\",\"name\":\"GAD Parroquial de Julio Andrade\",\"url\":\"https:\\\/\\\/gpjulioandrade.gob.ec\\\/carchi\\\/\",\"logo\":{\"@type\":\"ImageObject\",\"inLanguage\":\"es\",\"@id\":\"https:\\\/\\\/gpjulioandrade.gob.ec\\\/carchi\\\/#\\\/schema\\\/logo\\\/image\\\/\",\"url\":\"https:\\\/\\\/gpjulioandrade.gob.ec\\\/carchi\\\/wp-content\\\/uploads\\\/2020\\\/07\\\/logoFooterAncho.png\",\"contentUrl\":\"https:\\\/\\\/gpjulioandrade.gob.ec\\\/carchi\\\/wp-content\\\/uploads\\\/2020\\\/07\\\/logoFooterAncho.png\",\"width\":220,\"height\":70,\"caption\":\"GAD Parroquial de Julio Andrade\"},\"image\":{\"@id\":\"https:\\\/\\\/gpjulioandrade.gob.ec\\\/carchi\\\/#\\\/schema\\\/logo\\\/image\\\/\"}}]}<\/script>\n<!-- \/ Yoast SEO plugin. -->","yoast_head_json":{"title":"Rendici\u00f3n de Cuentas 2016 - GAD Parroquial de Julio Andrade","robots":{"index":"index","follow":"follow","max-snippet":"max-snippet:-1","max-image-preview":"max-image-preview:large","max-video-preview":"max-video-preview:-1"},"canonical":"https:\/\/gpjulioandrade.gob.ec\/carchi\/?page_id=369","og_locale":"es_ES","og_type":"article","og_title":"Rendici\u00f3n de Cuentas 2016 - GAD Parroquial de Julio Andrade","og_description":"1 RENDICI\u00d3N DE CUENTAS 2015 INSTITUCIONAL &#8211; copia AGENDA RENDICI\u00d3N DE CUENTAS GAD-PRJA A\u00d1O 2015 ENCUESTAS A LA CIUDADANIA GAD-PRJA A\u00d1O 2015 INFORMATIVO PARROQUIAL REGISTRO DE ASISTENCIA RENDICI\u00d3N DE CUENTAS GAD-PRJA A\u00d1O 2015 REGISTRO DE ASISTENCIA RENDICI\u00d3N DE CUENTAS GAD-PRJA A\u00d1O 2015","og_url":"https:\/\/gpjulioandrade.gob.ec\/carchi\/?page_id=369","og_site_name":"GAD Parroquial de Julio Andrade","article_modified_time":"2017-03-31T02:00:04+00:00","og_image":[{"url":"http:\/\/gpjulioandrade.gob.ec\/carchi\/wp-content\/uploads\/2015\/10\/INVITACI\u00d3N-RENDICI\u00d3N-DE-CUENTAS-20151-218x300.jpg","type":"","width":"","height":""}],"twitter_card":"summary_large_image","schema":{"@context":"https:\/\/schema.org","@graph":[{"@type":"WebPage","@id":"https:\/\/gpjulioandrade.gob.ec\/carchi\/?page_id=369","url":"https:\/\/gpjulioandrade.gob.ec\/carchi\/?page_id=369","name":"Rendici\u00f3n de Cuentas 2016 - GAD Parroquial de Julio Andrade","isPartOf":{"@id":"https:\/\/gpjulioandrade.gob.ec\/carchi\/#website"},"datePublished":"2016-02-17T17:16:52+00:00","dateModified":"2017-03-31T02:00:04+00:00","breadcrumb":{"@id":"https:\/\/gpjulioandrade.gob.ec\/carchi\/?page_id=369#breadcrumb"},"inLanguage":"es","potentialAction":[{"@type":"ReadAction","target":["https:\/\/gpjulioandrade.gob.ec\/carchi\/?page_id=369"]}]},{"@type":"BreadcrumbList","@id":"https:\/\/gpjulioandrade.gob.ec\/carchi\/?page_id=369#breadcrumb","itemListElement":[{"@type":"ListItem","position":1,"name":"Home","item":"https:\/\/gpjulioandrade.gob.ec\/carchi\/"},{"@type":"ListItem","position":2,"name":"Rendici\u00f3n de Cuentas 2016"}]},{"@type":"WebSite","@id":"https:\/\/gpjulioandrade.gob.ec\/carchi\/#website","url":"https:\/\/gpjulioandrade.gob.ec\/carchi\/","name":"GAD Parroquial de Julio Andrade","description":"Sitio Oficial del GAD Parroquial Julio Andrade Carchi","publisher":{"@id":"https:\/\/gpjulioandrade.gob.ec\/carchi\/#organization"},"potentialAction":[{"@type":"SearchAction","target":{"@type":"EntryPoint","urlTemplate":"https:\/\/gpjulioandrade.gob.ec\/carchi\/?s={search_term_string}"},"query-input":{"@type":"PropertyValueSpecification","valueRequired":true,"valueName":"search_term_string"}}],"inLanguage":"es"},{"@type":"Organization","@id":"https:\/\/gpjulioandrade.gob.ec\/carchi\/#organization","name":"GAD Parroquial de Julio Andrade","url":"https:\/\/gpjulioandrade.gob.ec\/carchi\/","logo":{"@type":"ImageObject","inLanguage":"es","@id":"https:\/\/gpjulioandrade.gob.ec\/carchi\/#\/schema\/logo\/image\/","url":"https:\/\/gpjulioandrade.gob.ec\/carchi\/wp-content\/uploads\/2020\/07\/logoFooterAncho.png","contentUrl":"https:\/\/gpjulioandrade.gob.ec\/carchi\/wp-content\/uploads\/2020\/07\/logoFooterAncho.png","width":220,"height":70,"caption":"GAD Parroquial de Julio Andrade"},"image":{"@id":"https:\/\/gpjulioandrade.gob.ec\/carchi\/#\/schema\/logo\/image\/"}}]}},"_links":{"self":[{"href":"https:\/\/gpjulioandrade.gob.ec\/carchi\/index.php?rest_route=\/wp\/v2\/pages\/369","targetHints":{"allow":["GET"]}}],"collection":[{"href":"https:\/\/gpjulioandrade.gob.ec\/carchi\/index.php?rest_route=\/wp\/v2\/pages"}],"about":[{"href":"https:\/\/gpjulioandrade.gob.ec\/carchi\/index.php?rest_route=\/wp\/v2\/types\/page"}],"author":[{"embeddable":true,"href":"https:\/\/gpjulioandrade.gob.ec\/carchi\/index.php?rest_route=\/wp\/v2\/users\/6"}],"replies":[{"embeddable":true,"href":"https:\/\/gpjulioandrade.gob.ec\/carchi\/index.php?rest_route=%2Fwp%2Fv2%2Fcomments&post=369"}],"version-history":[{"count":3,"href":"https:\/\/gpjulioandrade.gob.ec\/carchi\/index.php?rest_route=\/wp\/v2\/pages\/369\/revisions"}],"predecessor-version":[{"id":671,"href":"https:\/\/gpjulioandrade.gob.ec\/carchi\/index.php?rest_route=\/wp\/v2\/pages\/369\/revisions\/671"}],"wp:attachment":[{"href":"https:\/\/gpjulioandrade.gob.ec\/carchi\/index.php?rest_route=%2Fwp%2Fv2%2Fmedia&parent=369"}],"curies":[{"name":"wp","href":"https:\/\/api.w.org\/{rel}","templated":true}]}}